 What is the highest common factor of 122 and h?
61
Let h be (3430/(-5))/(-1) - 18/(-6). What is the greatest common divisor of h and 52?
13
Let d = -981 + 982. What is the greatest common factor of d and 83?
1
Suppose 4*o - 16 = -12. Let y(l) = -34*l - 1. Let a be y(o). Let m be (-2 - -1)*(a + -13). Calculate the highest common factor of 32 and m.
16
Let z(h) = 48*h - 36. Let u be z(7). Calculate the greatest common factor of u and 375.
75
Suppose 34*a = 27*a + 42. Suppose c - 12 = -4*g, -c = -4*g + 29 - 9. Let r be (18/(-4))/((-2)/g). What is the greatest common factor of a and r?
3
Suppose -2*o - 8 = -30. Suppose -2*h = -4*x + 5*x - 39, -2*x - 76 = -3*h. Calculate the greatest common factor of o and h.
11
Let b(p) = 21*p - 190. Let l be b(27). Calculate the greatest common divisor of l and 26.
13
Let d(o) = -o**3 + 4*o**2 + 3*o - 4. Let m be d(4). Let h(j) = -j**3 - 3*j**2 + 14*j - 4. Let u be h(-6). What is the greatest common factor of u and m?
4
Let n(x) = -5*x**2 + 60*x - 46. Let k be n(11). Calculate the greatest common factor of 477 and k.
9
Let b = 939 + -139. Calculate the greatest common divisor of 100 and b.
100
Let m(y) = -y + 16. Let r = -123 - -135. Let b be m(r). What is the highest common divisor of 3 and b?
1
Let n be (-13)/65 - 14*2/10. Let w be 8/(-2) - (-1 + 1). Let q = n - w. Calculate the highest common divisor of 1 and q.
1
Suppose -8 = -2*s + 3*o + 7, -5*o - 6 = 3*s. Let u = -10 + 12. What is the greatest common factor of u and s?
1
Let p(u) = 4*u + 0 - 9*u - 2 + u**3 - 2 - 11*u**2. Let s(t) = t**2. Let o(i) = p(i) + 5*s(i). Let x be o(7). Calculate the highest common divisor of 4 and x.
2
Suppose -d + 11 = 4*p - 36, 3*d - p = 76. Calculate the highest common factor of d and 63.
9
Suppose 1872 = 24*v - 0*v. Calculate the greatest common factor of 507 and v.
39
Let r be (67 + -72)*(-34 - -1). What is the greatest common factor of 33 and r?
33
Let t be 20/90 - (994/18 - -1). Let d be 3 - (3 + (t - 0)). What is the highest common divisor of 8 and d?
8
Let r(b) = -b + 10. Let p be r(10). Suppose y + 5*n - n + 24 = p, 4*n = 2*y + 36. Let a = -17 - y. Calculate the highest common factor of 6 and a.
3
Suppose -62 = 3*m - 422. What is the highest common divisor of m and 180?
60
Let z(g) = -g + 36. Let o be z(6). What is the highest common divisor of 25 and o?
5
Suppose 37*i - 17402 = 23*i. What is the greatest common factor of 11 and i?
11
Suppose x + x - 5*t - 4 = 0, 4*x - 8 = -2*t. Suppose 5*z = -x*v + 8, v - 4 = -5*z - 0. Suppose -v*u + 4 = -0. Calculate the greatest common divisor of u and 9.
1
Suppose -24*k - 898 + 2386 = 0. What is the greatest common factor of k and 279?
31
Let p be 1 + 3 + -5 + 12. Let m = -80 + 168. What is the greatest common divisor of p and m?
11
Let w = 15 - 12. Let a(y) = 0*y**2 + 2 + 4 - w*y**3 - 8*y + 2*y**3 - 7*y**2. Let t be a(-6). Calculate the greatest common factor of 18 and t.
18
Let p be 2196*(-9)/(-1 + -8). Calculate the highest common divisor of 36 and p.
36
Let j = 199 + -94. Suppose -420 = -12*l - 8*l. What is the greatest common factor of l and j?
21
Suppose -15*j + 17*j - 88 = 0. Let w(s) = -2*s**3 + 5*s**2 - 2*s - 3. Let o be w(3). Let u = -7 - o. Calculate the highest common factor of u and j.
11
Suppose 454 + 554 = 21*u. What is the highest common factor of u and 56?
8
Let o be (9/(-2) + 4)/(4/(-896)). Calculate the greatest common divisor of o and 28.
28
Suppose 0 = -t + 4*y + 8, -2*t - 4*y = -7 + 3. Suppose -120*x + 37*x = -249. What is the highest common divisor of t and x?
1
Let u be ((-4)/3)/(4/(-12)). Suppose -7*y + 57 = -13. What is the highest common divisor of u and y?
2
Suppose 2*o = -5*c + 7, -o + 2*o - c = 14. Let v = o + -7. Let l be 143/13 - 1 - 4. Calculate the highest common factor of v and l.
2
Let h = 186 + -96. Let b(t) = t**2 + 5*t + 22. Let n be b(-4). Calculate the highest common factor of h and n.
18
Let s be (-6)/(-5)*30/3. Suppose 0 = 2*m + 4*d - 12, -d - s = -3*m - 4*d. Suppose m*k - 16 = -2*k. What is the greatest common factor of k and 20?
4
Let c(m) = m + 5 + 2*m - 5*m - 18. Let y be c(-9). Calculate the greatest common divisor of y and 2.
1
Let w(a) = 2*a + 22. Let o be w(-15). Let m(v) = -v**2 - 10*v + 1. Let p be m(o). Suppose -2*s + 1 = -p. What is the highest common factor of s and 54?
9
Let t = 29 + -9. Let h(v) = v**2 - 4*v - 57. Let g be h(13). What is the highest common factor of t and g?
20
Let p be -3 + 3 - 0/2. Suppose -5*j + w + 546 + 84 = p, -2*j = -w - 252. Let b = -68 - -86. Calculate the highest common divisor of b and j.
18
Suppose p + 11 = -2*o + 38, 0 = 2*p + 5*o - 59. What is the greatest common factor of 272 and p?
17
Suppose -201 = -5*b + 3*l - 0*l, 5*b - 5*l - 205 = 0. Let r = 38 + b. What is the highest common factor of 11 and r?
11
Let y be (-1088)/(-2) + 0/(-1). What is the highest common factor of 32 and y?
32
Let a = 41 + 31. Suppose f = -3*u - 2*f + 180, u = -4*f + a. What is the highest common factor of 14 and u?
14
Suppose -5*y = 4*j - 318, 4*y - 21*j + 26*j - 258 = 0. Calculate the greatest common divisor of 155 and y.
31
Suppose 0 = -0*z + 13*z - 169. Calculate the greatest common divisor of z and 78.
13
Suppose -3*p + 84 = 3*d, d - 8 = -p + 4*p. What is the highest common divisor of 575 and d?
23
Suppose 0 = 5*o + 3*j - 8*j + 5, 0 = -4*j + 20. Suppose -l + 25 = 4*l, -o*t - 3*l = -75. What is the highest common factor of t and 30?
15
Let v be (-3*1)/(((-90)/(-4))/(-15)). Suppose 3*d = -p + 17, p + v*d = -3*p + 18. What is the greatest common divisor of 8 and p?
2
Let r(s) = -26*s - 29. Let d be r(-9). Suppose -u = u + 4*k - 64, -5*u - k + d = 0. Suppose -5*z + 2*z = -18. What is the greatest common factor of z and u?
6
Let x = 13 - -19. Calculate the highest common divisor of x and 400.
16
Let t(g) = -16*g + 154. Let c be t(9). What is the greatest common factor of c and 95?
5
Suppose 3*c + 3*n + n = 22, 0 = -2*c + 2*n - 4. Suppose 3*q = 2*i + 29, -c*q - 4*i + 3*i + 24 = 0. What is the greatest common divisor of 44 and q?
11
Suppose -4*h = 4*f - 12, -h - 3 = -4*f - 6. Suppose f = -2*d + 5 - 83. Let i = d - -84. Calculate the greatest common divisor of i and 5.
5
Suppose 80*m - 142*m = -26226. Calculate the highest common factor of 45 and m.
9
Let p be 9/12*171 + 8/(-32). Calculate the greatest common factor of 704 and p.
64
Let g be -1*2/(-6)*3. Let c be 41 - (g + -4 - (-4)/2). Calculate the greatest common divisor of 6 and c.
6
Let v = -77 - 25. Let r = v + 150. Let u be (2/(-6))/(5/(-90)). What is the greatest common divisor of u and r?
6
Let o be (2/5)/((-2)/(-180)). Let j be 2/((440/(-38))/4 - -3). Let a(w) = w - 10. Let r be a(j). What is the highest common factor of o and r?
9
Let p be (88/(-12))/(2/(-3)). Let r be (7 - 10)/(6/(-4)). Let m be ((-21)/12 + r)*4. Calculate the highest common divisor of m and p.
1
Let p(y) = -y**3 + 13*y**2 + 15*y - 11. Let g be p(14). Let o be ((0 - 3)/g)/((-1)/58). Calculate the highest common factor of o and 145.
29
Let v(t) = 27*t - 207. Let u be v(13). Calculate the highest common divisor of 27 and u.
9
Let b = 125 + 148. Let d(c) = -36*c**2 + 88*c - 11. Let y be d(2). Calculate the highest common factor of b and y.
21
Suppose l - 11 = -3*d, -l = 4*l + d - 111. Calculate the highest common divisor of 1679 and l.
23
Let i = -594 + 616. What is the greatest common divisor of i and 4?
2
Suppose 0*w = -w + j - 18, -5*j - 15 = 0. Let d = w - -30. Calculate the highest common divisor of 9 and d.
9
Let x = 460 + -405. Let t be 3*7 - (-1 + 0). What is the greatest common factor of t and x?
11
Let u be 1 + (215*-1 - 0)/(-1). Suppose u = y + y. Calculate the highest common divisor of y and 9.
9
Suppose 0 = -0*f + 3*f - 21. Suppose 2*z = g - 1, 2*g + 5 = f*g - 4*z. What is the greatest common divisor of 2 and g?
1
Suppose -83*x + 70*x = -416. Calculate the highest common divisor of x and 248.
8
Suppose -412 = 8*c - 1732. What is the greatest common factor of 264 and c?
33
Let y be (35/(-40) + 1)*88. Suppose 0 = -2*i + g + g, -3*g = -4*i + 4. Suppose i*b - 407 = -y. Calculate the highest common factor of b and 9.
9
Let u(w) = -w**2 - 5*w + 93. Let f be u(7). Calculate the greatest common factor of 423 and f.
9
Let h be (1*-1)/(5/(-25)). Let m(w) = w + 4. Let x be m(6). Suppose -l = 